Suppose -z + 5*d = -38 + 129, z + 83 = -3*d. Let f = -64 + z. Let j = -76 - f. What is the units digit of j?
4
Let i(o) be the first derivative of -15*o**2 + 33*o - 38. What is the hundreds digit of i(-41)?
2
Let n = 5527 + -2636. Suppose -o - n = -4*q, 5*q - 3600 = o + 3*o. What is the units digit of q?
4
Suppose -s + 3*m = 55, -2*s = 2*m + 171 - 29. Let q be ((-4)/8)/((-2)/(-212)). Let y = q - s. What is the units digit of y?
4
Let k(p) be the third derivative of 15*p**4/4 - 17*p**3/3 - 105*p**2. What is the tens digit of k(4)?
2
Let z be (4/2 + -3)/(3/(-894)). Suppose -9*y - 170 = z. Let v = y + 79. What is the tens digit of v?
2
Suppose 5*u - 17021 = 6484. What is the thousands digit of u?
4
What is the hundreds digit of ((-18471)/5)/(495/125 - 4) - -9?
3
Suppose -2 + 10 = i. Suppose -2*v + 24 - i = 2*s, -3*v + 28 = 4*s. Suppose 2*h - 88 = -s*c, 0*h = -4*h + 5*c + 137. What is the units digit of h?
8
Let s = -91 - -92. Let g(t) = 458*t**2 - t + 2. What is the units digit of g(s)?
9
Suppose 4*g + 0 - 20 = 0. Let x be (-30)/(-8) - (18 - 693/36). Suppose 48 = 3*i - a - 8, -g*a = x*i - 100. What is the tens digit of i?
1
Let z be -51*(10/3 - (-1 + 4)). Let o = z + 8. Let m = o - -82. What is the units digit of m?
3
Let x = 3351 + 1401. What is the tens digit of x?
5
Let n(m) = 18*m - 2. Let u be (-32)/(-14) - 34/119. Let y be n(u). Suppose 29*d = y*d - 850. What is the tens digit of d?
7
Let a(n) = -7*n**3 + 4*n**2 - 9*n - 24. Let p(j) = -6*j**3 + 3*j**2 - 7*j - 25. Let t(d) = -5*a(d) + 6*p(d). What is the units digit of t(-11)?
6
Let b(n) = -31*n + 6. Let m(g) = 16*g - 3. Let y(r) = 3*b(r) + 5*m(r). What is the tens digit of y(-7)?
9
Suppose -4*x = -4*b + 100160, 262*x = b + 263*x - 25028. What is the thousands digit of b?
5
Suppose 8 = 5*b - 7, 0 = 2*h - b - 19. Suppose -h*g + g = -6790. What is the units digit of g?
9
Let b = 101970 - 52036. What is the units digit of b?
4
Suppose -24327*j + 167184 = -24321*j. What is the ten thousands digit of j?
2
Suppose 0 = 10*b + 16 + 44. Let h(q) = -3*q**3 - 4*q + 6. What is the tens digit of h(b)?
7
Suppose 15*b + 380 = 17*b. Suppose -b*a - 952 = -194*a. What is the hundreds digit of a?
2
Let a(x) = 4*x**2 + 15*x + 9. Let p be a(11). Suppose g = -g + p. What is the units digit of g?
9
Let p be (5/(-10))/((-1)/6) + -3. Let u be p*(-3)/9*-1. Suppose -3*h + 630 = -u*h. What is the tens digit of h?
1
Let d = -87 - -104. Suppose d*x = 4102 + 4823. What is the hundreds digit of x?
5
Let z(g) = -g**3 - 4*g**2 + 2*g - 10. Let l be z(-5). Suppose -l*x = 3*j - j - 32, -5*j - 28 = -x. Suppose -574 - 314 = -x*o. What is the tens digit of o?
1
Let h be 3/(-2) + 2*72906/8. Suppose -21*f - 4*f = -h. What is the tens digit of f?
2
Suppose -131 = -9*c + 220. What is the tens digit of 13/c + (-371)/(-3)?
2
Suppose 0 = -8*l + 10*l - 5*a - 43, -5*l + a + 50 = 0. What is the tens digit of 17/(-51) - -4*3180/l?
1
Suppose 5*t - 13 = -233. Let k = -37 - t. Suppose 110 = k*w - 2*w. What is the tens digit of w?
2
Let k(t) = 6*t + 54. Let p be k(-10). Let w(o) = -139*o + 86. What is the units digit of w(p)?
0
Suppose -24*w = -10*w. Suppose 5*a = 20, 5*a = -w*d + 4*d + 8. Let z(k) = 13*k + 8. What is the units digit of z(d)?
7
Let y(s) = -8*s**3 - 3*s**2 + 3*s - 4. Let l be y(2). Let w = l - -74. Suppose -2*t + 3*t - 5*b - 109 = w, 2*t - b - 209 = 0. What is the hundreds digit of t?
1
Let i = -78 - -75. Let l be (-28 + i - -1)*-1. Suppose 3*f + 557 = 2*j + l, 1325 = 5*j - 5*f. What is the tens digit of j?
6
Let y(v) = 5*v**2 - 158*v - 142. Let s(l) = 9*l**2 - 279*l - 284. Let o(m) = -4*s(m) + 7*y(m). Let c(k) = -k. Let z be c(0). What is the units digit of o(z)?
2
Suppose -12*b = 23*b + 6*b + 2624. Let j be (-1 - 5/2)*26. Let k = b - j. What is the units digit of k?
7
Let d = 74 - 140. Let f = d + 69. Suppose -f*j = -4*j + 71. What is the units digit of j?
1
Let o = 724 - 721. Suppose -3*w + 565 + 1076 = 3*d, -o*w = -5*d - 1681. What is the hundreds digit of w?
5
What is the thousands digit of (-20 - -34) + -38 - -73645?
3
Let w be (-1 - 0)/(-3 + 4)*-3. Suppose -w - 2 = -y. What is the units digit of ((-1)/(-3))/(y/(-930)*-1)?
2
Let f(p) = 408*p - 14. Let o be f(2). Suppose 4*x = -2*t + 1606, 4*x = 2*x - 2*t + o. What is the units digit of x?
2
Suppose 35*n + 108696 - 647004 = 299277. What is the hundreds digit of n?
9
Suppose -16065 = -5*y - 4*n, -3*y + 4*y + 3*n = 3213. What is the hundreds digit of y?
2
Suppose 2*y - 204 = -4*y. Suppose -y = -a - 126. Let w = a + 205. What is the tens digit of w?
1
What is the units digit of -7*171/63 - -31916?
7
Let r be 8/12 - (-78)/18. Suppose x - 258 - 145 = -4*q, -r*x + 2087 = 2*q. What is the hundreds digit of x?
4
Suppose -k = -7*k - 12. What is the tens digit of 0/k + (4 - 289)/(-5)?
5
Let a = 958 - 1552. Let f = a + 1165. What is the units digit of f?
1
Suppose 4*z = 2*i - 44522 - 31742, -3*i - 4*z = -114476. What is the units digit of i?
8
Let r(d) = d**3 - 28*d**2 - 142*d - 24. What is the tens digit of r(34)?
8
Let h(i) = 0 + 6 - 1 + 4*i + 2*i**2 + 5. Suppose q + 12 = -5*s - 8, -4*s = q + 17. What is the tens digit of h(q)?
4
Suppose 27717 + 12423 = 30*c. Suppose 74*p - c = 73*p. What is the tens digit of p?
3
Let o(n) = n**3 - 2*n**2 - 2*n. Let v = -20 + 24. Let l be o(v). Let u = -16 + l. What is the units digit of u?
8
Suppose -16*w = -126546 - 11438. Suppose -4*j = -11*j + w. What is the tens digit of j?
3
Let c(t) = t**3 - 9*t**2 + 5. Let b be c(9). Let l be 6/5*b/2. Suppose l*m + 3*x - 88 = 134, -5*m - 4*x = -368. What is the tens digit of m?
7
Let u = 335 + -333. What is the tens digit of 3483/18 + (-5)/u?
9
Let i(l) = 7*l**2 - 3*l + 15. Let g = -17 + 37. Let f be 8/(-3)*(-30)/g. What is the tens digit of i(f)?
1
Let c be ((-21)/(-14))/((-3)/(-8)) - -780. Suppose 0 = 2*l + 2*l - c. What is the units digit of l?
6
Let n = 25161 - 16096. What is the units digit of n?
5
Let o = -212 + 404. Let b be (o/(1 + 0))/(9/18). Suppose -f = 3*u - 102, 5*u - b = -4*f + u. What is the tens digit of f?
9
Suppose 5*o + 4*l = 1998, 3*o - 1202 = -6*l + 2*l. Let d = o + -265. Let t = -11 + d. What is the units digit of t?
2
Suppose 9*q = 8*q + 119. Suppose k - 44 = q. What is the hundreds digit of k?
1
Suppose -2*u - 2 = -5*d + 32, -3*u = -d - 1. Suppose 31*x - 35*x = -d. Suppose 2*n - 103 = -k - x*n, 0 = 2*n + 10. What is the hundreds digit of k?
1
Suppose 71 = 2*h - 121. Suppose -h = 2*x - 1122. What is the units digit of x?
3
Let l = -35 - -88. Let n = l + -53. Let m(a) = a + 51. What is the units digit of m(n)?
1
Let u be 6/10 - (-20538)/(-30). Let j = u - -1025. Suppose 2*p - j = 5. What is the units digit of p?
3
Let d be 27 + -34 + (-5402)/(-2). Suppose -4*t + 0*t + d = -3*b, 2*t + 3*b - 1356 = 0. What is the hundreds digit of t?
6
Let r(f) = -3*f + 270*f - 25*f + 175*f - 6. Let g be r(1). Suppose 3*i - 6*i - 408 = -3*q, 0 = 3*q - 2*i - g. What is the hundreds digit of q?
1
Suppose 3*c - 2*r + 56 = 0, 0 = 5*c + r + 83 - 7. Let j = c + 99. What is the units digit of j?
3
Let b be (-4890)/(-6) + 5/5. Let x = b + -177. What is the tens digit of x?
3
Let u be -3*24/5 - (-6)/(-10). What is the tens digit of 10228/20 - 9/u?
1
Let o = 9378 + -675. What is the tens digit of o?
0
Let h = 15188 - 8703. What is the tens digit of h?
8
Suppose -f + 34 = 5*b - 32, -106 = -2*f + 3*b. Let d(n) = 4*n + 1. Let t be d(-7). Let v = f - t. What is the units digit of v?
3
Let c(i) = -21*i - 34. Let o(p) be the second derivative of -11*p**3/6 - 17*p**2/2 - 13*p. Let w(h) = -3*c(h) + 7*o(h). What is the units digit of w(-5)?
3
Let r(g) = 3*g - 39. Let d be r(21). Let y be 2632/d + 3/((-27)/(-12)). Suppose 9 + y = 5*p. What is the tens digit of p?
2
Suppose 759*o - 754*o - 50005 = 0. What is the thousands digit of o?
0
Let u = -45004 - -72233. What is the thousands digit of u?
7
What is the thousands digit of ((-1212)/8)/((8 + -9)/200)?
0
Let f be (-826)/7 + 3*(-4)/6. What is the tens digit of (-1718)/(-8) - f/(-160)?
1
Let n(y) = -79*y**2 - 7*y + 20. Let q be n(3). Let f = 1221 + q. What is the hundreds digit of f?
5
Let n = 478 - 205. Let v = n + -181. Suppose -h + 88 = -2*l, h - 3*l = l + v. What is the tens digit of h?
8
Let t(l) be the second derivative of 7/2*l**2 - 1/6*l**3 + 0 + 4/3*l**4 + 3*l. Wh